{"id":27,"date":"2023-04-12T21:04:29","date_gmt":"2023-04-12T19:04:29","guid":{"rendered":"http:\/\/samariter-schwarzenburg.ch\/word\/?page_id=27"},"modified":"2023-06-15T01:51:07","modified_gmt":"2023-06-14T23:51:07","slug":"first-aid-stufe-1-ivr-und-refresher","status":"publish","type":"page","link":"https:\/\/samariter-schwarzenburg.ch\/word\/?page_id=27","title":{"rendered":"First Aid Stufe 1 IVR und Refresher"},"content":{"rendered":"\n<div class=\"wp-block-media-text alignwide is-stacked-on-mobile\" style=\"grid-template-columns:35% auto\"><figure class=\"wp-block-media-text__media\"><img loading=\"lazy\" decoding=\"async\" width=\"1024\" height=\"768\" src=\"http:\/\/samariter-schwarzenburg.ch\/word\/wp-content\/uploads\/2023\/05\/20180912_212235-1024x768.jpg\" alt=\"\" class=\"wp-image-234 size-full\" srcset=\"https:\/\/samariter-schwarzenburg.ch\/word\/wp-content\/uploads\/2023\/05\/20180912_212235-1024x768.jpg 1024w, https:\/\/samariter-schwarzenburg.ch\/word\/wp-content\/uploads\/2023\/05\/20180912_212235-300x225.jpg 300w, https:\/\/samariter-schwarzenburg.ch\/word\/wp-content\/uploads\/2023\/05\/20180912_212235-768x576.jpg 768w, https:\/\/samariter-schwarzenburg.ch\/word\/wp-content\/uploads\/2023\/05\/20180912_212235-1536x1152.jpg 1536w, https:\/\/samariter-schwarzenburg.ch\/word\/wp-content\/uploads\/2023\/05\/20180912_212235-2048x1536.jpg 2048w, https:\/\/samariter-schwarzenburg.ch\/word\/wp-content\/uploads\/2023\/05\/20180912_212235-360x270.jpg 360w\" sizes=\"auto, (max-width: 1024px) 100vw, 1024px\" \/><\/figure><div class=\"wp-block-media-text__content\">\n<p><strong>Im Kurs First Aid Stufe 1 IVR erlernen Sie die Grundlagen der lebensrettenden Sofortmassnahmen in Notfallsituationen.<\/strong><\/p>\n\n\n\n<p>Der Kurs erm\u00f6glicht es Ihnen, im Alltag, bei der Arbeit oder in der Freizeit, Erste Hilfe zu leisten. Der Kurs beinhaltet auch den Kurs BLS-AED-SRC komplett, sowie den obligatorischen Nothilfekurs f\u00fcr F\u00fchrerausweiserwerbende.<\/p>\n<\/div><\/div>\n\n\n\n<div style=\"height:35px\" aria-hidden=\"true\" class=\"wp-block-spacer\"><\/div>\n\n\n\n<p>I<strong>nhalt<\/strong><br>Sie lernen und trainieren in einem abwechslungsreichen Kurs in verschiedenen Fallszenarien einfach und verst\u00e4ndlich die Erste-Hilfe-Massnahmen. Der Kurs beinhaltet folgende Themen:<\/p>\n\n\n\n<ul class=\"wp-block-list\">\n<li>\u00dcbersicht verschaffen<\/li>\n\n\n\n<li>Alarmierung<\/li>\n\n\n\n<li>Sicherheit, Schutz und Hygiene<\/li>\n\n\n\n<li>Patientenbeurteilung<\/li>\n\n\n\n<li>Erste Hilfe Massnahmen beim ansprechbaren, bewusstlosen oder leblosen Patienten<\/li>\n\n\n\n<li>Stressbew\u00e4ltigung \/ Motivation zur Hilfeleistung<\/li>\n<\/ul>\n\n\n\n<div style=\"height:20px\" aria-hidden=\"true\" class=\"wp-block-spacer\"><\/div>\n\n\n\n<p><strong>Zielgruppe<\/strong><br>Jede Person ab dem 12. Lebensjahr<\/p>\n\n\n\n<div style=\"height:20px\" aria-hidden=\"true\" class=\"wp-block-spacer\"><\/div>\n\n\n\n<p><strong>Voraussetzungen<\/strong><br>Keine<\/p>\n\n\n\n<div style=\"height:20px\" aria-hidden=\"true\" class=\"wp-block-spacer\"><\/div>\n\n\n\n<p><strong>Dauer<\/strong><br>14 Stunden<\/p>\n\n\n\n<div style=\"height:20px\" aria-hidden=\"true\" class=\"wp-block-spacer\"><\/div>\n\n\n\n<p><strong>Zertifikat<\/strong><br>Nach Abschluss des Kurses erhalten Sie ein Zertifikat First Aid Stufe 1 IVR (G\u00fcltigkeit 2 Jahre), das Zertifikat BLS-AED-SRC komplett (G\u00fcltigkeit 2 Jahre) sowie das Zertifikat Nothilfekurs (G\u00fcltigkeit 6 Jahre).<\/p>\n\n\n\n<div style=\"height:35px\" aria-hidden=\"true\" class=\"wp-block-spacer\"><\/div>\n\n\n\n<h2 class=\"wp-block-heading\">First Aid Stufe 1 IVR Refresher (inkl. BLS-AED-SRC komplett)<\/h2>\n\n\n\n<p>Dauer 7 Stunden<\/p>\n\n\n\n<p>Im Refresher werden s\u00e4mtliche Themen aus der Grundausbildung kompakt repetiert und somit die Teilnehmer auf den neusten Wissensstand gebracht.<\/p>\n\n\n\n<div style=\"height:20px\" aria-hidden=\"true\" class=\"wp-block-spacer\"><\/div>\n\n\n\n<p><strong>Voraussetzungen<\/strong><br>Das g\u00fcltige Zertifikat Ersthelfer Stufe 1 IVR nicht \u00e4lter als 2 Jahre und das Zertifikat BLS-AED-SRC komplett nicht \u00e4lter als 2 Jahre.<\/p>\n\n\n\n<div style=\"height:35px\" aria-hidden=\"true\" class=\"wp-block-spacer\"><\/div>\n\n\n\n<div class=\"wp-block-columns has-white-color has-vivid-cyan-blue-background-color has-text-color has-background is-layout-flex wp-container-core-columns-is-layout-9d6595d7 wp-block-columns-is-layout-flex\">\n<div class=\"wp-block-column is-layout-flow wp-block-column-is-layout-flow\" style=\"flex-basis:66.66%\">\n<p class=\"has-text-align-left\">Eine \u00dcbersicht \u00fcber alle verf\u00fcgbaren Bev\u00f6lkerungskurse des Samariter Schwarzenburg sowie die M\u00f6glichkeit zur Anmeldung finden Sie auf folgender Seite:<\/p>\n<\/div>\n\n\n\n<div class=\"wp-block-column is-vertically-aligned-center is-layout-flow wp-block-column-is-layout-flow\" style=\"flex-basis:33.33%\">\n<div class=\"wp-block-buttons is-content-justification-center is-layout-flex wp-container-core-buttons-is-layout-16018d1d wp-block-buttons-is-layout-flex\">\n<div class=\"wp-block-button has-custom-width wp-block-button__width-75 has-custom-font-size has-small-font-size\"><a class=\"wp-block-button__link has-text-align-center wp-element-button\" href=\"http:\/\/samariter-schwarzenburg.ch\/word\/?page_id=60\" style=\"border-radius:0px\">Kursanmeldung<\/a><\/div>\n<\/div>\n<\/div>\n<\/div>\n","protected":false},"excerpt":{"rendered":"<p>Im Kurs First Aid Stufe 1 IVR erlernen Sie die Grundlagen der lebensrettenden Sofortmassnahmen in Notfallsituationen. Der Kurs erm\u00f6glicht es Ihnen, im Alltag, bei der Arbeit oder in der Freizeit, Erste Hilfe zu leisten. Der Kurs beinhaltet auch den Kurs&hellip;&nbsp;<a href=\"https:\/\/samariter-schwarzenburg.ch\/word\/?page_id=27\" class=\"more-link\">Weiter lesen<\/a><\/p>\n","protected":false},"author":1,"featured_media":0,"parent":0,"menu_order":0,"comment_status":"closed","ping_status":"closed","template":"","meta":{"footnotes":""},"class_list":["post-27","page","type-page","status-publish","hentry"],"_links":{"self":[{"href":"https:\/\/samariter-schwarzenburg.ch\/word\/index.php?rest_route=\/wp\/v2\/pages\/27","targetHints":{"allow":["GET"]}}],"collection":[{"href":"https:\/\/samariter-schwarzenburg.ch\/word\/index.php?rest_route=\/wp\/v2\/pages"}],"about":[{"href":"https:\/\/samariter-schwarzenburg.ch\/word\/index.php?rest_route=\/wp\/v2\/types\/page"}],"author":[{"embeddable":true,"href":"https:\/\/samariter-schwarzenburg.ch\/word\/index.php?rest_route=\/wp\/v2\/users\/1"}],"replies":[{"embeddable":true,"href":"https:\/\/samariter-schwarzenburg.ch\/word\/index.php?rest_route=%2Fwp%2Fv2%2Fcomments&post=27"}],"version-history":[{"count":10,"href":"https:\/\/samariter-schwarzenburg.ch\/word\/index.php?rest_route=\/wp\/v2\/pages\/27\/revisions"}],"predecessor-version":[{"id":809,"href":"https:\/\/samariter-schwarzenburg.ch\/word\/index.php?rest_route=\/wp\/v2\/pages\/27\/revisions\/809"}],"wp:attachment":[{"href":"https:\/\/samariter-schwarzenburg.ch\/word\/index.php?rest_route=%2Fwp%2Fv2%2Fmedia&parent=27"}],"curies":[{"name":"wp","href":"https:\/\/api.w.org\/{rel}","templated":true}]}}

<div class="wp-block-media-text alignwide is-stacked-on-mobile" style="grid-template-columns:35% auto"><figure class="wp-block-media-text__media"><img loading="lazy" decoding="async" width="1024" height="768" src="http://samariter-schwarzenburg.ch/word/wp-content/uploads/2023/05/20180912_212235-1024x768.jpg" alt="" class="wp-image-234 size-full" srcset="https://samariter-schwarzenburg.ch/word/wp-content/uploads/2023/05/20180912_212235-1024x768.jpg 1024w, https://samariter-schwarzenburg.ch/word/wp-content/uploads/2023/05/20180912_212235-300x225.jpg 300w, https://samariter-schwarzenburg.ch/word/wp-content/uploads/2023/05/20180912_212235-768x576.jpg 768w, https://samariter-schwarzenburg.ch/word/wp-content/uploads/2023/05/20180912_212235-1536x1152.jpg 1536w, https://samariter-schwarzenburg.ch/word/wp-content/uploads/2023/05/20180912_212235-2048x1536.jpg 2048w, https://samariter-schwarzenburg.ch/word/wp-content/uploads/2023/05/20180912_212235-360x270.jpg 360w" sizes="auto, (max-width: 1024px) 100vw, 1024px" /></figure><div class="wp-block-media-text__content">
<p><strong>Im Kurs First Aid Stufe 1 IVR erlernen Sie die Grundlagen der lebensrettenden Sofortmassnahmen in Notfallsituationen.</strong></p>



<p>Der Kurs ermöglicht es Ihnen, im Alltag, bei der Arbeit oder in der Freizeit, Erste Hilfe zu leisten. Der Kurs beinhaltet auch den Kurs BLS-AED-SRC komplett, sowie den obligatorischen Nothilfekurs für Führerausweiserwerbende.</p>
</div></div>



<div style="height:35px" aria-hidden="true" class="wp-block-spacer"></div>



<p>I<strong>nhalt</strong><br>Sie lernen und trainieren in einem abwechslungsreichen Kurs in verschiedenen Fallszenarien einfach und verständlich die Erste-Hilfe-Massnahmen. Der Kurs beinhaltet folgende Themen:</p>



<ul class="wp-block-list">
<li>Übersicht verschaffen</li>



<li>Alarmierung</li>



<li>Sicherheit, Schutz und Hygiene</li>



<li>Patientenbeurteilung</li>



<li>Erste Hilfe Massnahmen beim ansprechbaren, bewusstlosen oder leblosen Patienten</li>



<li>Stressbewältigung / Motivation zur Hilfeleistung</li>
</ul>



<div style="height:20px" aria-hidden="true" class="wp-block-spacer"></div>



<p><strong>Zielgruppe</strong><br>Jede Person ab dem 12. Lebensjahr</p>



<div style="height:20px" aria-hidden="true" class="wp-block-spacer"></div>



<p><strong>Voraussetzungen</strong><br>Keine</p>



<div style="height:20px" aria-hidden="true" class="wp-block-spacer"></div>



<p><strong>Dauer</strong><br>14 Stunden</p>



<div style="height:20px" aria-hidden="true" class="wp-block-spacer"></div>



<p><strong>Zertifikat</strong><br>Nach Abschluss des Kurses erhalten Sie ein Zertifikat First Aid Stufe 1 IVR (Gültigkeit 2 Jahre), das Zertifikat BLS-AED-SRC komplett (Gültigkeit 2 Jahre) sowie das Zertifikat Nothilfekurs (Gültigkeit 6 Jahre).</p>



<div style="height:35px" aria-hidden="true" class="wp-block-spacer"></div>



<h2 class="wp-block-heading">First Aid Stufe 1 IVR Refresher (inkl. BLS-AED-SRC komplett)</h2>



<p>Dauer 7 Stunden</p>



<p>Im Refresher werden sämtliche Themen aus der Grundausbildung kompakt repetiert und somit die Teilnehmer auf den neusten Wissensstand gebracht.</p>



<div style="height:20px" aria-hidden="true" class="wp-block-spacer"></div>



<p><strong>Voraussetzungen</strong><br>Das gültige Zertifikat Ersthelfer Stufe 1 IVR nicht älter als 2 Jahre und das Zertifikat BLS-AED-SRC komplett nicht älter als 2 Jahre.</p>



<div style="height:35px" aria-hidden="true" class="wp-block-spacer"></div>



<div class="wp-block-columns has-white-color has-vivid-cyan-blue-background-color has-text-color has-background is-layout-flex wp-container-core-columns-is-layout-9d6595d7 wp-block-columns-is-layout-flex">
<div class="wp-block-column is-layout-flow wp-block-column-is-layout-flow" style="flex-basis:66.66%">
<p class="has-text-align-left">Eine Übersicht über alle verfügbaren Bevölkerungskurse des Samariter Schwarzenburg sowie die Möglichkeit zur Anmeldung finden Sie auf folgender Seite:</p>
</div>



<div class="wp-block-column is-vertically-aligned-center is-layout-flow wp-block-column-is-layout-flow" style="flex-basis:33.33%">
<div class="wp-block-buttons is-content-justification-center is-layout-flex wp-container-core-buttons-is-layout-16018d1d wp-block-buttons-is-layout-flex">
<div class="wp-block-button has-custom-width wp-block-button__width-75 has-custom-font-size has-small-font-size"><a class="wp-block-button__link has-text-align-center wp-element-button" href="http://samariter-schwarzenburg.ch/word/?page_id=60" style="border-radius:0px">Kursanmeldung</a></div>
</div>
</div>
</div>

<p>Im Kurs First Aid Stufe 1 IVR erlernen Sie die Grundlagen der lebensrettenden Sofortmassnahmen in Notfallsituationen. Der Kurs ermöglicht es Ihnen, im Alltag, bei der Arbeit oder in der Freizeit, Erste Hilfe zu leisten. Der Kurs beinhaltet auch den Kurs&hellip;&nbsp;<a href="https://samariter-schwarzenburg.ch/word/?page_id=27" class="more-link">Weiter lesen</a></p>
